{"id":81,"date":"2015-01-15T15:03:06","date_gmt":"2015-01-15T18:03:06","guid":{"rendered":"http:\/\/www.mirolnet.com\/?page_id=81"},"modified":"2023-11-16T10:04:36","modified_gmt":"2023-11-16T13:04:36","slug":"servicio-de-soporte","status":"publish","type":"page","link":"https:\/\/www.mirol.com\/index.php\/servicio-de-soporte\/","title":{"rendered":"Servicios de Soporte"},"content":{"rendered":"<p>El Servicio de Soporte incluye la Actualizaci\u00f3n permanente del Software y la Mesa de Ayuda.<\/p>\n<p>Los Productos y Servicios de Mirol SyS est\u00e1n orientados en especial a: peque\u00f1as y medianas empresas, profesionales independientes, emprendimientos familiares, etc., que no tienen profesionales inform\u00e1ticos internos y por lo tanto requieren de ayuda para la puesta en marcha y en el d\u00eda-a-d\u00eda. En Mirol SyS consideramos que este servicio hace la diferencia de que un Sistema de Gesti\u00f3n sea exitoso o no.<\/p>\n<h4><span style=\"color: #008000; font-size: 1.5em;\">Objetivos generales del servicio<\/span><\/h4>\n<p style=\"padding-left: 40px;\">\u2013 Implementar las actividades, procedimientos y controles que aseguren la calidad del servicio y la satisfacci\u00f3n de los usuarios.<br \/>\n\u2013 Aportar todo el know-how, experiencia y metodolog\u00eda que Mirol SyS ha adquirido durante su amplia trayectoria en la prestaci\u00f3n de servicios similares a los requeridos de Consultor\u00eda Inform\u00e1tica y Servicio de Soporte.<br \/>\n\u2013 Contribuir para que el Cliente pueda centrar sus esfuerzos en temas estrat\u00e9gicos relacionados con su negocio central, delegando, en una empresa especializada como Mirol SyS las tareas de mantener operativo el Sistema de Gesti\u00f3n, logrando de esta manera contar con informaci\u00f3n confiable y oportuna para la toma de decisiones.<br \/>\n\u2013 Asegurar la continua actualizaci\u00f3n de los productos y servicios, aplicando las \u201cmejores pr\u00e1cticas\u201d, adquiridas y desarrolladas por Mirol SyS y las sugerencias recogidas por las m\u00faltiples empresas que lo utilizan.<br \/>\n\u2013 Asistir y asesorar en todos los aspectos inherentes al servicio, estableciendo una verdadera relaci\u00f3n de \u201cpartnership\u201d y cooperaci\u00f3n mutua.<\/p>\n<h2><span style=\"color: #008000;\">Objetivos espec\u00edficos del servicio Nube<\/span><\/h2>\n<p style=\"padding-left: 40px;\">&#8211; Proveer una infraestructura \u00f3ptima para la provisi\u00f3n de servicios de alojamiento de aplicaciones y datos. <strong>Mirol SyS<\/strong> lo provee a trav\u00e9s de un Data Center Virtual propio contratado con Claro Cloud.<\/p>\n<p style=\"padding-left: 40px;\">&#8211; Asegurar la operaci\u00f3n de las aplicaciones, bajo las m\u00e1s estrictas normas de seguridad y calidad, junto con servicios profesionales de nivel mundial y cobertura regional.<\/p>\n<p style=\"padding-left: 40px;\">&#8211; Asegurar la continuidad operativa del equipamiento inform\u00e1tico, realizando las tareas de mantenimiento que resulten necesarias.<\/p>\n<h2><span style=\"color: #008000;\">Implementaci\u00f3n<\/span><\/h2>\n<p style=\"padding-left: 40px;\"><strong>&#8211; Personalizaci\u00f3n<\/strong>: Agregados y mejoras necesarias al Sistema para adecuarlo a las necesidades del cliente. Notas: Condicionado a la factibilidad t\u00e9cnica. Puede tener costos adicionales.<\/p>\n<p style=\"padding-left: 40px;\"><strong>&#8211; Capacitaci\u00f3n<\/strong>: Servicio personalizado que se brinda en remoto para que pueda aprovechar al m\u00e1ximo cada sistema, incrementando as\u00ed la productividad y logrando un adecuado retorno de la inversi\u00f3n.<\/p>\n<p style=\"padding-left: 40px;\"><strong>&#8211; Configuraci\u00f3n y Parametrizaci\u00f3n<\/strong>: Instalaci\u00f3n t\u00e9cnica, configuraci\u00f3n y parametrizaci\u00f3n de las tablas de par\u00e1metros del sistemas para adecuarlo a las necesidades del cliente.<\/p>\n<p style=\"padding-left: 40px;\"><strong>&#8211; Traspaso de datos existentes<\/strong>: Se analizar\u00e1n las bases de datos existentes para planificar su traslado al Sistema <strong>MIROL<\/strong>.<\/p>\n<h2><span style=\"color: #008000;\">Servicios de Soporte<\/span><\/h2>\n<p style=\"padding-left: 40px;\"><strong>&#8211; Servicio de Actualizaci\u00f3n:<\/strong> Un equipo de profesionales est\u00e1 trabajando continuamente para mejorar nuestros productos, suministrando nuevas versiones en funci\u00f3n de las sugerencias recogidas por las m\u00faltiples empresas que lo utilizan, modificaciones legales y mejoras de I+D. La actualizaci\u00f3n se realiza autom\u00e1ticamente inmediatamente que la nueva versi\u00f3n este disponible, generalmente el \u00faltimo viernes de cada mes.<\/p>\n<p style=\"padding-left: 40px;\"><strong>&#8211; Mesa de Ayuda<\/strong>: Servicio de atenci\u00f3n al cliente v\u00eda telef\u00f3nica, whatsapp, acceso remoto o por e-mail. Ingreso de Incidencias y consulta de su estado v\u00eda Internet.<\/p>\n","protected":false},"excerpt":{"rendered":"<p>El Servicio de Soporte incluye la Actualizaci\u00f3n permanente del Software y la Mesa de Ayuda. Los Productos y Servicios de Mirol SyS est\u00e1n orientados en especial a: peque\u00f1as y medianas empresas, profesionales independientes, emprendimientos familiares, etc., que no tienen profesionales&#8230;<\/p>\n","protected":false},"author":1,"featured_media":0,"parent":0,"menu_order":0,"comment_status":"open","ping_status":"open","template":"templates\/fullwidth.php","meta":{"footnotes":""},"class_list":["post-81","page","type-page","status-publish","hentry"],"yoast_head":"<!-- This site is optimized with the Yoast SEO plugin v23.0 - https:\/\/yoast.com\/wordpress\/plugins\/seo\/ -->\r\n<title>Servicios de Soporte - Mirol SyS<\/title>\r\n<meta name=\"description\" content=\"Servicio de Soporte y Actualizaci\u00f3n del software Mirol\" \/>\r\n<meta name=\"robots\" content=\"index, follow, max-snippet:-1, max-image-preview:large, max-video-preview:-1\" \/>\r\n<link rel=\"canonical\" href=\"https:\/\/www.mirol.com\/index.php\/servicio-de-soporte\/\" \/>\r\n<meta property=\"og:locale\" content=\"es_ES\" \/>\r\n<meta property=\"og:type\" content=\"article\" \/>\r\n<meta property=\"og:title\" content=\"Servicios de Soporte - Mirol SyS\" \/>\r\n<meta property=\"og:description\" content=\"Servicio de Soporte y Actualizaci\u00f3n del software Mirol\" \/>\r\n<meta property=\"og:url\" content=\"https:\/\/www.mirol.com\/index.php\/servicio-de-soporte\/\" \/>\r\n<meta property=\"og:site_name\" content=\"Mirol SyS\" \/>\r\n<meta property=\"article:modified_time\" content=\"2023-11-16T13:04:36+00:00\" \/>\r\n<meta name=\"twitter:label1\" content=\"Tiempo de lectura\" \/>\n\t<meta name=\"twitter:data1\" content=\"3 minutos\" \/>\r\n<script type=\"application\/ld+json\" class=\"yoast-schema-graph\">{\"@context\":\"https:\/\/schema.org\",\"@graph\":[{\"@type\":\"WebPage\",\"@id\":\"https:\/\/www.mirol.com\/index.php\/servicio-de-soporte\/\",\"url\":\"https:\/\/www.mirol.com\/index.php\/servicio-de-soporte\/\",\"name\":\"Servicios de Soporte - Mirol SyS\",\"isPartOf\":{\"@id\":\"https:\/\/www.mirol.com\/#website\"},\"datePublished\":\"2015-01-15T18:03:06+00:00\",\"dateModified\":\"2023-11-16T13:04:36+00:00\",\"description\":\"Servicio de Soporte y Actualizaci\u00f3n del software Mirol\",\"breadcrumb\":{\"@id\":\"https:\/\/www.mirol.com\/index.php\/servicio-de-soporte\/#breadcrumb\"},\"inLanguage\":\"es\",\"potentialAction\":[{\"@type\":\"ReadAction\",\"target\":[\"https:\/\/www.mirol.com\/index.php\/servicio-de-soporte\/\"]}]},{\"@type\":\"BreadcrumbList\",\"@id\":\"https:\/\/www.mirol.com\/index.php\/servicio-de-soporte\/#breadcrumb\",\"itemListElement\":[{\"@type\":\"ListItem\",\"position\":1,\"name\":\"Portada\",\"item\":\"https:\/\/www.mirol.com\/\"},{\"@type\":\"ListItem\",\"position\":2,\"name\":\"Servicios de Soporte\"}]},{\"@type\":\"WebSite\",\"@id\":\"https:\/\/www.mirol.com\/#website\",\"url\":\"https:\/\/www.mirol.com\/\",\"name\":\"Mirol SyS\",\"description\":\"Software de Gesti\u00f3n para Empresas\",\"publisher\":{\"@id\":\"https:\/\/www.mirol.com\/#organization\"},\"potentialAction\":[{\"@type\":\"SearchAction\",\"target\":{\"@type\":\"EntryPoint\",\"urlTemplate\":\"https:\/\/www.mirol.com\/?s={search_term_string}\"},\"query-input\":\"required name=search_term_string\"}],\"inLanguage\":\"es\"},{\"@type\":\"Organization\",\"@id\":\"https:\/\/www.mirol.com\/#organization\",\"name\":\"Mirol SyS\",\"url\":\"https:\/\/www.mirol.com\/\",\"logo\":{\"@type\":\"ImageObject\",\"inLanguage\":\"es\",\"@id\":\"https:\/\/www.mirol.com\/#\/schema\/logo\/image\/\",\"url\":\"https:\/\/www.mirol.com\/wp-content\/uploads\/2015\/05\/Logo-rectangular.jpg\",\"contentUrl\":\"https:\/\/www.mirol.com\/wp-content\/uploads\/2015\/05\/Logo-rectangular.jpg\",\"width\":191,\"height\":74,\"caption\":\"Mirol SyS\"},\"image\":{\"@id\":\"https:\/\/www.mirol.com\/#\/schema\/logo\/image\/\"}}]}<\/script>\r\n<!-- \/ Yoast SEO plugin. -->","yoast_head_json":{"title":"Servicios de Soporte - Mirol SyS","description":"Servicio de Soporte y Actualizaci\u00f3n del software Mirol","robots":{"index":"index","follow":"follow","max-snippet":"max-snippet:-1","max-image-preview":"max-image-preview:large","max-video-preview":"max-video-preview:-1"},"canonical":"https:\/\/www.mirol.com\/index.php\/servicio-de-soporte\/","og_locale":"es_ES","og_type":"article","og_title":"Servicios de Soporte - Mirol SyS","og_description":"Servicio de Soporte y Actualizaci\u00f3n del software Mirol","og_url":"https:\/\/www.mirol.com\/index.php\/servicio-de-soporte\/","og_site_name":"Mirol SyS","article_modified_time":"2023-11-16T13:04:36+00:00","twitter_misc":{"Tiempo de lectura":"3 minutos"},"schema":{"@context":"https:\/\/schema.org","@graph":[{"@type":"WebPage","@id":"https:\/\/www.mirol.com\/index.php\/servicio-de-soporte\/","url":"https:\/\/www.mirol.com\/index.php\/servicio-de-soporte\/","name":"Servicios de Soporte - Mirol SyS","isPartOf":{"@id":"https:\/\/www.mirol.com\/#website"},"datePublished":"2015-01-15T18:03:06+00:00","dateModified":"2023-11-16T13:04:36+00:00","description":"Servicio de Soporte y Actualizaci\u00f3n del software Mirol","breadcrumb":{"@id":"https:\/\/www.mirol.com\/index.php\/servicio-de-soporte\/#breadcrumb"},"inLanguage":"es","potentialAction":[{"@type":"ReadAction","target":["https:\/\/www.mirol.com\/index.php\/servicio-de-soporte\/"]}]},{"@type":"BreadcrumbList","@id":"https:\/\/www.mirol.com\/index.php\/servicio-de-soporte\/#breadcrumb","itemListElement":[{"@type":"ListItem","position":1,"name":"Portada","item":"https:\/\/www.mirol.com\/"},{"@type":"ListItem","position":2,"name":"Servicios de Soporte"}]},{"@type":"WebSite","@id":"https:\/\/www.mirol.com\/#website","url":"https:\/\/www.mirol.com\/","name":"Mirol SyS","description":"Software de Gesti\u00f3n para Empresas","publisher":{"@id":"https:\/\/www.mirol.com\/#organization"},"potentialAction":[{"@type":"SearchAction","target":{"@type":"EntryPoint","urlTemplate":"https:\/\/www.mirol.com\/?s={search_term_string}"},"query-input":"required name=search_term_string"}],"inLanguage":"es"},{"@type":"Organization","@id":"https:\/\/www.mirol.com\/#organization","name":"Mirol SyS","url":"https:\/\/www.mirol.com\/","logo":{"@type":"ImageObject","inLanguage":"es","@id":"https:\/\/www.mirol.com\/#\/schema\/logo\/image\/","url":"https:\/\/www.mirol.com\/wp-content\/uploads\/2015\/05\/Logo-rectangular.jpg","contentUrl":"https:\/\/www.mirol.com\/wp-content\/uploads\/2015\/05\/Logo-rectangular.jpg","width":191,"height":74,"caption":"Mirol SyS"},"image":{"@id":"https:\/\/www.mirol.com\/#\/schema\/logo\/image\/"}}]}},"_links":{"self":[{"href":"https:\/\/www.mirol.com\/index.php\/wp-json\/wp\/v2\/pages\/81","targetHints":{"allow":["GET"]}}],"collection":[{"href":"https:\/\/www.mirol.com\/index.php\/wp-json\/wp\/v2\/pages"}],"about":[{"href":"https:\/\/www.mirol.com\/index.php\/wp-json\/wp\/v2\/types\/page"}],"author":[{"embeddable":true,"href":"https:\/\/www.mirol.com\/index.php\/wp-json\/wp\/v2\/users\/1"}],"replies":[{"embeddable":true,"href":"https:\/\/www.mirol.com\/index.php\/wp-json\/wp\/v2\/comments?post=81"}],"version-history":[{"count":29,"href":"https:\/\/www.mirol.com\/index.php\/wp-json\/wp\/v2\/pages\/81\/revisions"}],"predecessor-version":[{"id":1190,"href":"https:\/\/www.mirol.com\/index.php\/wp-json\/wp\/v2\/pages\/81\/revisions\/1190"}],"wp:attachment":[{"href":"https:\/\/www.mirol.com\/index.php\/wp-json\/wp\/v2\/media?parent=81"}],"curies":[{"name":"wp","href":"https:\/\/api.w.org\/{rel}","templated":true}]}}